ulate the remainder when 14828582 is divided by 17.
9
Calculate the remainder when 9535633 is divided by 36.
25
What is the remainder when 20900 is divided by 18277?
2623
What is the remainder when 4757712 is divided by 1019?
1
Calculate the remainder when 113641 is divided by 1479.
1237
Calculate the remainder when 1301724 is divided by 3070.
44
What is the remainder when 661227 is divided by 577?
562
Calculate the remainder when 408111 is divided by 3814.
13
What is the remainder when 21770 is divided by 1278?
44
What is the remainder when 22259719 is divided by 28685?
159
What is the remainder when 23548499 is divided by 1415?
69
What is the remainder when 20894038 is divided by 4227?
4204
Calculate the remainder when 312637 is divided by 5897.
96
Calculate the remainder when 44096 is divided by 43817.
279
What is the remainder when 2982433 is divided by 109?
84
Calculate the remainder when 52739538 is divided by 4195.
4193
Calculate the remainder when 29248691 is divided by 6592.
6579
Calculate the remainder when 26693108 is divided by 11099.
13
What is the remainder when 1027274 is divided by 2367?
2363
What is the remainder when 44491 is divided by 114?
31
What is the remainder when 1134311 is divided by 22?
13
Calculate the remainder when 47678 is divided by 4989.
2777
Calculate the remainder when 288694 is divided by 1807.
1381
Calculate the remainder when 1359203 is divided by 7115.
238
What is the remainder when 9860966 is divided by 2533?
2530
What is the remainder when 466207 is divided by 1831?
1133
Calculate the remainder when 23185704 is divided by 78.
48
What is the remainder when 281969 is divided by 11277?
44
Calculate the remainder when 3295 is divided by 279.
226
Calculate the remainder when 46826959 is divided by 266062.
47
Calculate the remainder when 102447 is divided by 50667.
1113
Calculate the remainder when 49022 is divided by 23592.
1838
What is the remainder when 122811 is divided by 30554?
595
What is the remainder when 108682 is divided by 587?
87
What is the remainder when 444507 is divided by 147482?
2061
What is the remainder when 299629 is divided by 113?
66
Calculate the remainder when 1201587 is divided by 4693.
179
What is the remainder when 342284 is divided by 17958?
1082
Calculate the remainder when 3411555 is divided by 2738.
7
What is the remainder when 1434999 is divided by 1250?
1249
What is the remainder when 112363628 is divided by 2716?
2708
Calculate the remainder when 1515949 is divided by 61.
38
Calculate the remainder when 10527230 is divided by 210544.
30
What is the remainder when 30150161 is divided by 51?
32
Calculate the remainder when 1184114690 is divided by 294.
290
What is the remainder when 9119441 is divided by 2074?
63
Calculate the remainder when 1058223 is divided by 70543.
78
What is the remainder when 24754264 is divided by 449?
445
What is the remainder when 62160756 is divided by 2486430?
6
What is the remainder when 1884349 is divided by 38?
5
Calculate the remainder when 493296 is divided by 36.
24
What is the remainder when 62461724 is divided by 6757?
16
Calculate the remainder when 24351874 is divided by 3789.
3760
Calculate the remainder when 495263859 is divided by 14066.
14065
Calculate the remainder when 204837 is divided by 102411.
15
Calculate the remainder when 4456720 is divided by 188.
180
What is the remainder when 134155825 is divided by 106?
105
What is the remainder when 4327498 is divided by 1175?
1148
What is the remainder when 3035797 is divided by 706?
703
What is the remainder when 71302613 is divided by 6396?
5
What is the remainder when 1296449 is divided by 3504?
3473
What is the remainder when 787876 is divided by 2984?
100
What is the remainder when 31872 is divided by 15799?
274
Calculate the remainder when 1982319 is divided by 66.
9
What is the remainder when 124454 is divided by 3?
2
Calculate the remainder when 9111934 is divided by 47.
44
What is the remainder when 7388075 is divided by 43?
30
Calculate the remainder when 3740903 is divided by 317.
303
Calculate the remainder when 2478650 is divided by 34425.
50
Calculate the remainder when 9220638 is divided by 378.
84
Calculate the remainder when 5729133 is divided by 354.
351
What is the remainder when 119119 is divided by 134?
127
Calculate the remainder when 2438774 is divided by 23007.
32
What is the remainder when 8901001 is divided by 3956?
1
Calculate the remainder when 58230139 is divided by 1728.
1723
What is the remainder when 1243981 is divided by 11?
2
What is the remainder when 961797 is divided by 335?
12
What is the remainder when 2636990 is divided by 16902?
278
What is the remainder when 36790 is divided by 18287?
216
What is the remainder when 103328 is divided by 1778?
204
What is the remainder when 555763 is divided by 7665?
3883
Calculate the remainder when 222575 is divided by 5256.
1823
Calculate the remainder when 15223 is divided by 2464.
439
What is the remainder when 1175153 is divided by 4682?
4653
Calculate the remainder when 27223619 is divided by 9074537.
8
What is the remainder when 21514139 is divided by 270?
269
Calculate the remainder when 141368 is divided by 69970.
1428
Calculate the remainder when 19648161 is divided by 92.
89
What is the remainder when 1239271 is divided by 22944?
295
Calculate the remainder when 5067114 is divided by 2298.
24
What is the remainder when 27141506 is divided by 1696337?
114
What is the remainder when 236333 is divided by 544?
237
What is the remainder when 795070 is divided by 268?
182
What is the remainder when 56883 is divided by 13692?
2115
Calculate the remainder when 340246 is divided by 169673.
900
Calculate the remainder when 288873 is divided by 288831.
42
What is the remainder when 742028 is divided by 5090?
3978
What is the remainder when 691388 is divided by 172?
120
Calculate the remainder when 6201500 is divided by 563770.
30
What is the remainder when 17598284 is divided by 606837?
11
Calculate the remainder when 6913683 is divided by 3394.
105
What is the remainder when 6151622 is divided by 24124?
2
Calculate the remainder when 1141169 is divided by 2310.
29
What is the remainder when 108423646 is divided by 481?
474
What is the remainder when 16373919 is divided by 187?
12
What is the remainder when 539045 is divided by 362?
27
What is the remainder when 225923 is divided by 225846?
77
Calculate the remainder when 37446370 is divided by 75.
70
Calculate the remainder when 121245 is divided by 24.
21
What is the remainder when 834676 is divided by 64119?
1129
Calculate the remainder when 15825559 is divided by 2484.
2479
What is the remainder when 223943 is divided by 74620?
83
Calculate the remainder when 21835210 is divided by 2938.
2932
What is the remainder when 102184 is divided by 51025?
134
What is the remainder when 17187177 is divided by 67?
2
Calculate the remainder when 7818310 is divided by 30540.
70
What is the remainder when 220732 is divided by 328?
316
What is the remainder when 114403119 is divided by 41?
40
What is the remainder when 531552 is divided by 17?
13
Calculate the remainder when 25298688 is divided by 428791.
19
Calculate the remainder when 1321347 is divided by 6509.
20
Calculate the remainder when 3892 is divided by 421.
103
Calculate the remainder when 6121709 is divided by 711.
710
Calculate the remainder when 208145 is divided by 472.
465
What is the remainder when 21767431 is divided by 74?
35
Calculate the remainder when 9176042 is divided by 7.
1
Calculate the remainder when 77463 is divided by 12834.
459
What is the remainder when 618742 is divided by 3761?
1938
Calculate the remainder when 86711990 is divided by 17.
5
Calculate the remainder when 166785 is divided by 23823.
24
What is the remainder when 44152 is divided by 24?
16
What is the remainder when 40407131 is divided by 368?
363
Calculate the remainder when 2442952 is divided by 58.
50
Calculate the remainder when 5685464 is divided by 1895150.
14
Calculate the remainder when 237917 is divided by 4575.
17
What is the remainder when 1528765 is divided by 8004?
1
Calculate the remainder when 1176185 is divided by 1891.
1874
What is the remainder when 9911 is divided by 9434?
477
What is the remainder whe